ors of 852049?
11, 29, 2671
List the prime factors of 1104525.
3, 5, 4909
What are the prime factors of 337839?
3, 19, 5927
List the prime factors of 4257993.
3, 281, 5051
What are the prime factors of 51090?
2, 3, 5, 13, 131
What are the prime factors of 288262?
2, 13, 11087
List the prime factors of 336106.
2, 163, 1031
What are the prime factors of 212939?
31, 6869
List the prime factors of 2715580.
2, 5, 7, 17, 163
List the prime factors of 1132777.
353, 3209
What are the prime factors of 2698756?
2, 443, 1523
What are the prime factors of 2249447?
151, 14897
List the prime factors of 3711444.
2, 3, 11, 31, 907
List the prime factors of 302993.
19, 37, 431
List the prime factors of 186273.
3, 6899
List the prime factors of 4590893.
41, 111973
What are the prime factors of 311664?
2, 3, 43, 151
List the prime factors of 2552125.
5, 17, 1201
What are the prime factors of 6197309?
6197309
List the prime factors of 107784.
2, 3, 499
What are the prime factors of 16307783?
16307783
What are the prime factors of 16102311?
3, 67, 80111
List the prime factors of 13962705.
3, 5, 930847
List the prime factors of 4574742.
2, 3, 59, 12923
What are the prime factors of 4623560?
2, 5, 115589
What are the prime factors of 525482?
2, 262741
List the prime factors of 32573624.
2, 4071703
What are the prime factors of 2178544?
2, 47, 2897
List the prime factors of 605754.
2, 3, 73, 461
List the prime factors of 4104913.
4104913
List the prime factors of 884850.
2, 3, 5, 17, 347
What are the prime factors of 283327?
11, 43, 599
What are the prime factors of 7587512?
2, 948439
List the prime factors of 1949743.
61, 31963
What are the prime factors of 4689858?
2, 3, 17, 45979
List the prime factors of 46075.
5, 19, 97
What are the prime factors of 6483190?
2, 5, 7, 101, 131
What are the prime factors of 3540016?
2, 221251
What are the prime factors of 2870866?
2, 211, 6803
List the prime factors of 1772115.
3, 5, 31, 37, 103
List the prime factors of 158949.
3, 7, 29
What are the prime factors of 20475470?
2, 5, 2047547
List the prime factors of 284928.
2, 3, 7, 53
What are the prime factors of 24116640?
2, 3, 5, 47, 1069
What are the prime factors of 619948?
2, 7, 3163
List the prime factors of 965644.
2, 73, 3307
What are the prime factors of 998251?
293, 3407
List the prime factors of 301548.
2, 3, 13, 1933
What are the prime factors of 261533?
23, 83, 137
List the prime factors of 360367.
7, 51481
List the prime factors of 2822335.
5, 564467
What are the prime factors of 265156?
2, 151, 439
What are the prime factors of 1534842?
2, 3, 43, 661
List the prime factors of 571153.
11, 137, 379
What are the prime factors of 526355?
5, 23, 199
What are the prime factors of 381721?
89, 4289
What are the prime factors of 1400153?
149, 9397
What are the prime factors of 333559?
47, 151
List the prime factors of 832185.
3, 5, 18493
List the prime factors of 1413864.
2, 3, 73, 269
What are the prime factors of 5174236?
2, 1293559
What are the prime factors of 12965276?
2, 1607, 2017
What are the prime factors of 87649?
87649
List the prime factors of 108784.
2, 13, 523
What are the prime factors of 1425445?
5, 7, 139, 293
What are the prime factors of 7680993?
3, 71, 36061
List the prime factors of 90783.
3, 7, 11, 131
What are the prime factors of 139374?
2, 3, 29, 89
List the prime factors of 1316229.
3, 31, 14153
What are the prime factors of 3448089?
3, 42569
List the prime factors of 6700260.
2, 3, 5, 7, 43, 53
List the prime factors of 4355765.
5, 181, 4813
List the prime factors of 5291811.
3, 7, 17, 61
What are the prime factors of 7930745?
5, 23, 68963
List the prime factors of 53998.
2, 7, 19, 29
List the prime factors of 150129.
3, 7, 2383
What are the prime factors of 826648?
2, 191, 541
What are the prime factors of 1197980?
2, 5, 7, 43, 199
List the prime factors of 86583.
3, 7, 19, 31
List the prime factors of 31606715.
5, 7, 23, 71, 79
List the prime factors of 3071498.
2, 83, 18503
List the prime factors of 7717957.
13, 593689
List the prime factors of 664553.
113, 5881
List the prime factors of 165373.
13, 12721
List the prime factors of 28550.
2, 5, 571
What are the prime factors of 734010?
2, 3, 5, 43, 569
List the prime factors of 2769532.
2, 239, 2897
What are the prime factors of 1233981?
3, 7, 6529
What are the prime factors of 518375?
5, 11, 13, 29
What are the prime factors of 7138490?
2, 5, 19, 37571
What are the prime factors of 217211?
83, 2617
What are the prime factors of 12329854?
2, 2411, 2557
What are the prime factors of 347158?
2, 7, 137, 181
What are the prime factors of 990974?
2, 467, 1061
What are the prime factors of 1443334?
2, 17, 42451
What are the prime factors of 890007?
3, 296669
List the prime factors of 410685.
3, 5, 11, 19, 131
What are the prime factors of 86920?
2, 5, 41, 53
What are the prime factors of 2117888?
2, 8273
What are the prime factors of 6266288?
2, 7, 55949
List the prime factors of 30716435.
5, 6143287
What are the prime factors of 1060936?
2, 17, 29, 269
What are the prime factors of 1643646?
2, 3, 273941
What are the prime factors of 361708?
2, 31, 2917
List the prime factors of 232166.
2, 11, 61, 173
What are the prime factors of 5168555?
5, 7, 147673
What are the prime factors of 371443?
37, 10039
List the prime factors of 31055878.
2, 7, 2218277
What are the prime factors of 1238655?
3, 5, 11, 7507
What are the prime factors of 3447037?
11, 19, 16493
What are the prime factors of 154703?
67, 2309
List the prime factors of 8950137.
3, 7, 426197
What are the prime factors of 476526?
2, 3, 43, 1847
List the prime factors of 415579.
157, 2647
List the prime factors of 349299.
3, 17, 761
What are the prime factors of 239004?
2, 3, 2213
List the prime factors of 10021664.
2, 19, 53, 311
What are the prime factors of 218043?
3, 7, 3461
List the prime factors of 20280851.
31, 654221
What are the prime factors of 1883514?
2, 3, 53, 5923
List the prime factors of 4637679.
3, 43, 35951
What are the prime factors of 98833?
7, 2017
What are the prime factors of 2726673?
3, 23, 43, 919
List the prime factors of 1155605.
5, 11, 21011
What are the prime factors of 935470?
2, 5, 139, 673
List the prime factors of 126417.
3, 42139
List the prime factors of 16551452.
2, 4137863
What are the prime factors of 147213?
3, 11, 1487
What are the prime factors of 413899?
17, 97, 251
List the prime factors of 4131295.
5, 7, 118037
List the prime factors of 2426687.
1297, 1871
What are the prime factors of 440316?
2, 3, 151
List the prime factors of 123526.
2, 13, 4751
List the prime factors of 444097.
101, 4397
List the prime factors of 397045.
5, 11, 7219
List the prime factors of 1036601.
43, 24107
List the prime factors of 434380.
2, 5, 37, 587
List the prime factors of 7412292.
2, 3, 103, 1999
List the prime factors of 1176060.
2, 3, 5, 17, 1153
What are the prime factors of 27707?
103, 269
List the prime factors of 12911080.
2, 5, 7, 13, 3547
What are the prime factors of 15474?
2, 3, 2579
List the prime factors of 380649.
3, 31, 4093
List the prime factors of 973633.
631, 1543
What are the prime factors of 34189?
179, 191
List the prime factors of 720545.
5, 7, 17, 173
What are the prime factors of 173340?
2, 3, 5, 107
List the prime factors of 18945271.
4049, 4679
What are the prime factors of 1221977?
17, 71881
What are the prime factors of 3156572?
2, 617, 1279
List the prime factors of 1286382.
2, 3, 29, 7393
List the prime factors of 14673402.
2, 3, 23, 67
What are the prime factors of 121399?
73, 1663
List the prime factors of 198408.
2, 3, 7, 1181
List the prime factors of 175577.
337, 521
List the prime factors of 1436158.
2, 523, 1373
List the prime factors of 1655568.
2, 3, 11497
What are the prime factors of 7118253?
3, 29, 9091
List the prime factors of 19753.
19753
What are the prime factors of 6114468?
2, 3, 503, 1013
What are the prime factors of 3286804?
2, 47, 17483
List the prime factors of 525568.
2, 2053
What are the prime factors of 489114?
2, 3, 29, 937
What are the prime factors of 150727?
19, 7933
List the prime factors of 648153.
3, 11, 6547
What are the prime factors of 4624619?
19, 243401
What are the prime factors of 171852?
2, 3, 14321
List the prime factors of 185882.
2, 92941
List t